 35 - 15. What is the tens digit of 5/((-25)/k) - -44?
4
Suppose 4*z + 2*m + 3 - 35 = 0, 21 = 3*z + 3*m. Let r be ((-13)/(-3))/(3/z). What is the tens digit of 262/r - (-8)/(-52)?
2
Let r be (-1)/(-5) - 248/40. Let t be r/((-3)/(-21)*-1). Let x = 62 - t. What is the tens digit of x?
2
Let i be 216/(-56) - (-1)/(-7). Let y be (i - -1) + (1 - -72). Suppose h + y = 3*h. What is the units digit of h?
5
Let u(r) = r + 95. What is the units digit of u(-27)?
8
Suppose -5*g = -0*g. Suppose g = 3*d + 93 + 42. Let i = d + 73. What is the units digit of i?
8
Let t = -8 + 13. Suppose 8 = 4*g - t*q - 8, -2*g - 4*q = -34. What is the units digit of g?
9
Let m = -54 + 33. Suppose -2*h = -53 - 81. Let k = m + h. What is the units digit of k?
6
Let t(w) be the first derivative of w**3/3 - w**2 - 6*w - 2. Let b be t(5). Let i = -1 + b. What is the units digit of i?
8
Let j(w) = 3*w**2 - 2*w - 4*w**2 - 4*w**2 + 1 + 5*w + w**3. Let g be j(4). What is the units digit of (-86)/g*(-6)/(-4)?
3
Let i = -16 - -21. Suppose 4*x = -2*c + 374, -27 = -i*x - 3*c + 440. What is the units digit of x?
4
Let m be 0 + 2 - 3/1. What is the units digit of m + 6/(-3) + 26?
3
Let j(a) = a**2 - 5*a - 6. Let q be j(6). Let s be q - 5/((-15)/9). Suppose 3*p - 7*p = -s*m + 95, -5*p + 131 = 3*m. What is the tens digit of m?
3
Suppose 33 = 5*h - 2*z - z, 19 = 3*h - 2*z. What is the units digit of 461/h + (-4)/18?
1
Suppose -3*n = -o - 7, -9 = -5*n + 11. Let s = o - -2. Let x(v) = v - 2. What is the units digit of x(s)?
5
Suppose -3*x - 558 = -5*a - 2432, 5*x - a = 3160. What is the tens digit of x?
3
Let n = 31 - 43. What is the units digit of (6/n)/((-1)/398)?
9
Let l(y) be the second derivative of 7*y**5/10 - y**4/6 + y**3/6 + 66*y - 2. Suppose -h + 0 = -1. What is the tens digit of l(h)?
1
Let z(j) = -j - 1. Let u = -3 + 0. Let g be z(u). What is the tens digit of g + (-14)/(-1) - -4?
2
Suppose 5*v + 75 = 2*m, 5*m - 61 = -5*v + 39. Let g = m + -23. Suppose 5*f + 4*i - 235 = 0, i = -2*f - g*i + 101. What is the units digit of f?
3
Let c = -3 + 7. Let z be -1*3*8*(-6)/72. Suppose z*q - h - 44 = -3*h, -c*q = -3*h - 123. What is the units digit of q?
7
Suppose 0 = -3*w + 44 - 122. Let i = w + 135. What is the units digit of i?
9
Suppose 1 = -2*s + 7. Suppose -65 = -6*j + j + 5*i, i + 31 = s*j. Let a(o) = o**2 - 3*o - 8. What is the units digit of a(j)?
6
Suppose y - 5 = -1. Let b(r) be the third derivative of r**6/120 - r**5/15 + r**4/12 - 2*r**3/3 + 5*r**2. What is the units digit of b(y)?
4
Let o(y) = 8*y**2 - 20*y - 71. What is the units digit of o(-9)?
7
Let t be 7/3 + 9/(-27). Suppose -5*f = t*c - 6*c + 262, -3*f = 3*c - 183. What is the tens digit of c?
6
Let d(t) = 8*t + 44. What is the tens digit of d(19)?
9
What is the hundreds digit of (-60 + 2)*((-34)/4 + -1)?
5
Let b(v) = 64*v**2. Let j be b(-1). Suppose -3*y = -j - 8. Suppose -y = -3*w + 9. What is the tens digit of w?
1
Let t = -64 + 89. Suppose -t = -q + 57. Let k = q + -57. What is the units digit of k?
5
Let c = -4 + 4. Suppose -4*l + 2*s - 482 = c, -l - s - s = 108. Let r = -69 - l. What is the units digit of r?
9
Let m = 3128 - 1057. What is the thousands digit of m?
2
Let i(j) = -j**3 + 4*j**2 + 6*j - 9. Let r be i(5). What is the units digit of 4 + 42*r/(-4)?
6
Suppose 29*f - 1150 = 7260. What is the units digit of f?
0
What is the units digit of (-1 - 2)/((-57)/4579)?
1
Suppose 0 = 2*x - 5*z - 853, -3*x + 2*z + 340 + 967 = 0. What is the tens digit of x?
3
Suppose 0 = 2*f + 4 - 8. Suppose -2*w = f*w - 200. Let v = w - 13. What is the tens digit of v?
3
Let k(p) = -81*p - 51. What is the hundreds digit of k(-43)?
4
Suppose 0 = -4*u - 5*b + 10287 + 580, 5414 = 2*u - 4*b. What is the tens digit of u?
1
Let k be 2/10 + 14/5. Let l(x) = -17*x - 2. Let d be l(8). What is the units digit of k/(-2)*d/9?
3
Let r be 345/4*(-32)/(-12). Suppose 5*y - 5*c - r = 0, 0 = 2*y + 3*c + 27 - 109. Let a = y - 9. What is the units digit of a?
5
Let b be (-21 - -2)*(-5 + 6). Let r = b - -9. Let w = -1 - r. What is the units digit of w?
9
Suppose -4*l - 3*t + 8220 = -0*l, 0 = -2*l + 2*t + 4110. What is the tens digit of l?
5
Suppose 3793 = 5*b - 3*g, 0 = b + 3*g - 8*g - 763. Suppose -554 - b = -8*t. What is the units digit of t?
4
Suppose 0 = 4*b - 704 - 124. Suppose -p + b = 2*p. Let q = -41 + p. What is the tens digit of q?
2
Suppose -4*t + 5 = -3. Suppose 0 = 4*j - t*f - 476, -j + 17 + 95 = 3*f. What is the units digit of j?
8
Suppose y + 13 = 5*t, y - 1 = 4*t - 12. Suppose t*h + 2*h - 36 = 0. What is the units digit of h?
9
Suppose 40*k - 43*k = -300. Suppose -p = -3*b + 79, -5*p + k + 18 = 4*b. What is the tens digit of b?
2
Suppose 3*x + 5 = 2*s, -22 = -3*x + x - 5*s. Let j(q) = 0*q**2 - 71*q**3 + x + q + 0*q**2. What is the units digit of j(-1)?
1
Let a(l) = -l - 2*l**2 + 0*l**3 - 2 - 2*l**3 + 0*l**3 + 3*l**3. Let s be a(3). Suppose 28 = 2*y + 3*b, 0*b + b - 56 = -s*y. What is the units digit of y?
4
Suppose -11 = -8*j + 13. Suppose 0 = j*k - 3*u, 3*u - 3 = 2*k - 0*k. Suppose 0 = 3*s - 2*d - 22, -2*s - k*d = -6 - 13. What is the units digit of s?
8
Let p(k) = 2*k**3 + 37*k**2 - 37*k - 31. Let o(u) = u**3 + 19*u**2 - 19*u - 16. Let i(d) = 5*o(d) - 3*p(d). What is the units digit of i(-17)?
0
Let s be (-1 + 2)*-1 - -2. Let i be -1 - (-4 + 0)*s. Suppose -3*l + 109 = b, -2*l - 33 = i*b - 115. What is the tens digit of l?
3
Let l(o) = o**3 - o**2 - o. Let w be l(2). Suppose 2 = w*a - 2*g, -6*a + a - 4*g = 4. Suppose a + 4 = 4*r. What is the units digit of r?
1
Let i be (2 - 2)/(3 - 0). Suppose 2*r + i*r + 4 = 0. What is the tens digit of 4 + (-39)/(r/2)?
4
Let n(w) = 55*w**3 - w - 2. Let r be n(-2). What is the hundreds digit of r/(-4) + 1 + (-4)/(-2)?
1
Let f = 7 + -2. Suppose j = 3*q - 32, -f*q + 4*j + 55 = 2*j. Suppose -5*r = -q*r + 60. What is the units digit of r?
5
Suppose -9 = -w + 2*z, -w + 2*w + 3 = -2*z. Suppose 35 = 5*o + w*r - 6, 0 = 3*r - 6. What is the units digit of o?
7
Let d be ((-3)/(-2))/(15/70). Suppose z - d*z = -24. Suppose -z*n + u + 80 - 6 = 0, 5*n - 80 = -5*u. What is the units digit of n?
8
Let d(m) be the second derivative of -28*m**3/3 + 2*m**2 - 35*m. What is the units digit of d(-2)?
6
Suppose 7*j - 2*j - 210 = -m, 0 = -3*j. Suppose m = -4*i - 86. Let h = -52 - i. What is the tens digit of h?
2
Suppose 2*g + 3*u - 1011 = -2*g, 4*g - 1005 = -5*u. Suppose -4*q - 67 = -g. What is the tens digit of q?
4
Let n be 0/2 - 2 - 0. Let m = 36 - 64. What is the units digit of (-48)/m + n/(-7)?
2
Suppose -10*o = -9*o + 3. Let m(i) = i**2 - 4. Let b be m(o). Suppose b*c - 2*c - 66 = 0. What is the tens digit of c?
2
Suppose 7*v + 425 = 1538. What is the units digit of v?
9
Suppose 2*y = i + 3, y + i = -0*y - 3. Suppose y = -4*n + n + 186. Suppose 0 = 4*k - 12, -k + 9 = -4*u + n. What is the tens digit of u?
1
Let i(o) = -o - 9. Let t be i(-11). Let a be (9/6)/(t/24). Suppose 2*z = -5*v + 6*z + a, -4*v + 2*z + 12 = 0. What is the units digit of v?
2
Let d(g) be the first derivative of -4*g**2 + 4*g - 8. Let p be d(3). Let s = 28 + p. What is the units digit of s?
8
What is the tens digit of (-76415)/(-62)*((-36)/(-10) + -2)?
7
Suppose -5*f + 2545 = 5*z, -4*z + 2*f + 503 = -3*z. What is the units digit of z?
7
Let m(i) = -i**2 + 8*i. Let o be m(4). Suppose 4*l + l + 16 = 4*f, 0 = -4*f - l + o. What is the units digit of f?
4
Let p = 15 - 5. Suppose 5*g + p - 80 = 0. What is the units digit of g?
4
What is the hundreds digit of (-4 - -8 - 8)*1942/(-4)?
9
Let k(h) = -5*h**3 + h**3 + 1 - 2 + 10*h**2 - 4*h**2. Let b be k(4). What is the units digit of b/(-49) - 4/14?
3
Suppose -3*d + 2*o = -4 - 10, -2*o = 8. Let j(c) = 0 + 2*c**2 + 1 + 9*c**2 + 10*c**d + c. What is the units digit of j(-1)?
1
Let t(s) be the first derivative of s**3/3 - 4*s**2 - 4*s - 2. What is the tens digit of t(-6)?
8
Let p = 34 - 34. Suppose -2*z - 3*h + 26 + 9 = p, -95 = -5*z - 5*h. What is the units digit of z?
2
Suppose 3*z - 455 - 241 = 0. Suppose 3*t - 446 = z. What is the tens digit of t?
2
Let r = 1170 + -689. Suppose 8*u + q = 3*u + r, 0 = -u + 3*q + 93. What is the units digit of u?
6
Suppose 4*k + i - 1678 = -197, 2*k - i - 739 = 0. What is the tens digit of k?
7
Let d be (-3)/(2/(584/(-6))). Suppose z - d = -2*p - 2*z, p = -5*z + 59. Suppose -